 Let w be (6/4)/((-2)/(-8)). What is the highest common divisor of w and y?
3
Suppose 13*q + 924 = 2*q. Let y = 87 + q. Let m(d) = -d**2 - 5*d + 3. Let r be m(-5). What is the greatest common factor of y and r?
3
Suppose 8*h = 19*h - 13420. What is the highest common factor of h and 20?
20
Suppose -6*j = -12*j + 36. Let a be 2 - (-1)/(3/39). What is the greatest common divisor of j and a?
3
Let f(w) = w**3 - 20*w**2 + 41*w - 34. Let t be f(18). What is the greatest common factor of t and 504?
56
Let b be (-60)/(-2)*78*(-1)/(-5). Calculate the highest common factor of 1053 and b.
117
Let n(g) = g - 6. Let a be n(12). Suppose -204 = -a*z - 0*z. Calculate the greatest common factor of z and 68.
34
Let b = -27 + 25. Let r be 8/4 - (-4)/b. Suppose r = -2*x - 2*x + 88. What is the greatest common factor of x and 55?
11
Let q(j) be the second derivative of 0 - 11/6*j**3 + 4*j + 7/2*j**2. Let h be q(-7). Calculate the highest common factor of h and 12.
12
Let u(c) = -3*c**3 - 4*c**2 - 2*c - 6. Let t be u(-3). What is the greatest common divisor of 81 and t?
9
Suppose 0 = 4*m - 5*m - 5*x + 401, -x + 1661 = 4*m. Calculate the highest common factor of 32 and m.
32
Suppose 3*r = -3*c + 9517 - 1897, -5*r + 3*c = -12676. What is the highest common divisor of r and 43?
43
Suppose x - 3*y + 7 = 0, 0 = -0*x - 3*x - y + 19. Suppose 2*v + 30*v - 3040 = 0. What is the highest common factor of x and v?
5
Let y = 107 - 62. What is the highest common divisor of 180 and y?
45
Let n = -103 - -273. Suppose -o + n = 4*o. Calculate the highest common factor of 85 and o.
17
Let m(y) = -245*y**3 + 2*y**2 - 4*y - 5. Let z be m(-1). Calculate the greatest common divisor of z and 6.
6
Suppose 0 = 11*w - 12*w + 113. Let t be w - (-2 + -1 - 1). What is the highest common divisor of 13 and t?
13
Let l(r) = -r**3 - 20*r**2 - 17*r + 43. Let u be l(-19). Suppose -s - f + 13 = 0, 4*s = 2*f - u*f + 56. What is the greatest common divisor of 187 and s?
17
Let o(r) = r**3 - 4*r**2 - 3*r + 1. Let s be o(5). What is the highest common divisor of s and 671?
11
Suppose -4*m = -8 - 12. Suppose -b + m*b = 56. Suppose 4*i - 363 = 85. Calculate the greatest common factor of b and i.
14
Let d = 241 - -1151. Calculate the highest common divisor of d and 87.
87
Let s = 415 - 396. What is the highest common factor of 1216 and s?
19
Let c be 652/6 - 2/3. Suppose 3*w = -3*w + c. What is the greatest common divisor of 162 and w?
18
Let s = 173 - 163. Calculate the highest common factor of 70 and s.
10
Let v be (58 - -89)/(6/10). What is the greatest common divisor of 35 and v?
35
Let y(t) = 21*t**2 + 12*t - 29. Let s be y(3). Calculate the highest common factor of 4 and s.
4
Suppose 5*c = 4*q - 45, -6 = 4*q + 2*c - 44. Let m(b) = b + 29. Let p be m(q). Let i = 68 - -283. Calculate the greatest common divisor of i and p.
39
Suppose 8*s - 5*s = 63. Let k be (35/s)/(1/3). Let l(m) = 3*m. Let x be l(5). Calculate the greatest common divisor of x and k.
5
Let i = -6 + 8. Suppose i*j + 90 = 3*j. Suppose 2*d - j = -3*d. What is the highest common divisor of d and 6?
6
Let g = 153 + -132. Calculate the greatest common divisor of 21 and g.
21
Suppose -11*l = -68 + 2. Let d(a) = 39*a + 6. Let v be d(4). What is the highest common factor of l and v?
6
Let b = -286 - -536. Calculate the greatest common factor of 70 and b.
10
Let f = -1620 + 1652. Let p = -30 + 70. What is the greatest common divisor of p and f?
8
Suppose f + 968 = 3*g, -3*g - 5*f - 184 + 1158 = 0. Calculate the highest common factor of 17 and g.
17
Suppose 0 = 220*x - 211*x - 2079. What is the highest common divisor of 55 and x?
11
Suppose -5*s - 35 = 3*y, -2*s + 65 = -3*y - s. Let x be 2*-1*(1 + y/8). What is the greatest common divisor of x and 1?
1
Let r(z) = -23*z**3 - 2*z**2 - z + 4. Let q be r(-2). What is the greatest common factor of 234 and q?
26
Let n = -379 + 127. Let v be (1/(-3))/(4/n). Let q(i) = 190*i - 1. Let c be q(1). Calculate the highest common factor of c and v.
21
Let c(x) = 9*x - 2*x + 4*x. Let f be c(2). Suppose -5*n - 2*p + 281 = 0, -n = p + 6 - 64. What is the highest common divisor of n and f?
11
Suppose 0 = 3*j - 4*b + 62, 0 = 3*b - 2 - 4. Let v be 903/39 - j/(-117). What is the highest common factor of v and 184?
23
Let s = 1 - 3. Let u be -8 + (-8)/(-2) + 1. Let f be (32/s - u)*-2. Calculate the highest common divisor of f and 52.
26
Let b = -22338 - -22359. Let o be (-2)/((-2)/9) - 2. Calculate the highest common divisor of o and b.
7
Suppose 2 = w, 0 = -2*r - 3*r - w + 77. Let j = -318 - -363. Suppose -2*m + r + j = 0. What is the highest common factor of 45 and m?
15
Let n = 178 + -26. What is the greatest common divisor of 57 and n?
19
Let r be 280/(-112)*((-74)/10 + 1). What is the highest common divisor of r and 136?
8
Suppose 0 = 6*y - 30 - 204. Calculate the greatest common divisor of 39 and y.
39
Suppose 61*u = 38*u + 3864. Calculate the highest common factor of 24 and u.
24
Let n(d) = d**2 - 32*d + 17. Let z be n(33). Suppose -x - 1 = 0, -x = 4*i + 4 - 303. What is the greatest common divisor of z and i?
25
Suppose -7*h = -14*h + 315. Calculate the highest common divisor of 315 and h.
45
Let w(a) = -a**2 + 20*a - 56. Let o be w(16). Calculate the highest common divisor of o and 232.
8
Let f be (17 + -2)*(-6)/(-9). Suppose -4*y + f = -10. Let o = y - -7. Calculate the highest common factor of o and 24.
12
Let c be (-2)/(-7) + (-837)/63. Let k = c + 14. Let n = k + 25. Calculate the highest common divisor of 65 and n.
13
Let a be (275/10)/(-11)*-22. What is the greatest common factor of a and 1045?
55
Suppose 4*p - 4 = 3*n, -p - n - 3 = -4. Suppose 29 = 5*k - p. What is the highest common factor of k and 6?
6
Let q(m) = -m**3 + 15*m**2 - 13*m - 11. Let k be q(14). Let n be (-2 - 0)/(8/(-184)). Suppose n = k*y - y. What is the greatest common factor of 92 and y?
23
Suppose 3 = r - 0*r + o, 6 = 2*r - 3*o. Suppose r*d = 4*d - 30. Calculate the greatest common divisor of 75 and d.
15
Let y(d) = -d + 29. Let b be y(0). Suppose -31*j = -11*j - 2900. Calculate the highest common divisor of j and b.
29
Let o be (5/(20/6))/(3/100). Suppose -5*k + 4*s + 39 = 1, 37 = 4*k - s. Calculate the highest common divisor of k and o.
10
Let v(s) = s**2 + 15*s - 16. Let z be v(-16). Suppose 2*t + 23 - 53 = z. Calculate the highest common factor of t and 135.
15
Let w(g) = g**3 + 8*g**2 - 12*g - 9. Let i be w(-9). Suppose 2*o - i = -o. What is the greatest common factor of o and 66?
6
Let v(l) = -17*l - 67. Let m be v(-23). What is the highest common divisor of 36 and m?
36
Let a(w) = -5*w + 47. Let o be a(-17). What is the highest common divisor of 60 and o?
12
Let m(d) = -115*d**2 - 5*d + 116*d**2 + 2*d + d + 5. Let q be m(-3). What is the greatest common divisor of 5 and q?
5
Let g = 376 - 136. Calculate the highest common factor of g and 15.
15
Let n = 16 - 10. Suppose 0 = -5*r + n*r - 45. Calculate the highest common factor of 5 and r.
5
Let l(g) = 19*g + 1. Let u be l(2). Suppose 4*w + 5*y = u, -w + y = -0*w - 3. Let d be ((-74)/(-4))/(w/12). What is the highest common divisor of 296 and d?
37
Let a(b) = -9*b + 116. Let m be a(12). Calculate the highest common factor of 344 and m.
8
Let x = -50 - -79. Let b(i) = -20*i - 103. Let p be b(-24). Suppose 0 = 12*z - p + 29. Calculate the greatest common factor of z and x.
29
Suppose -5*z + 2*z - 69 = -3*f, -5*f = -3*z - 115. Suppose -2*s = -f + 5. Suppose 7*k - 180 = 2*k. Calculate the highest common divisor of s and k.
9
Suppose -156 = -5*b + 2*z + 342, -5*b + 486 = z. What is the highest common factor of 161 and b?
7
Let l(n) = 2*n**3 - 11*n + 29. Let f be l(3). Suppose 4*y - 13 = 3*c, 3*y = -2*y - 10. Let x = -2 - c. What is the greatest common factor of x and f?
5
Suppose 7*b - 13 = 36. Suppose -q = -3*g, -q - g = 3*g - b. Suppose -m = q*m - 36. What is the highest common factor of 6 and m?
3
Let t be (-5 - -1)/(17/(-17)). Let g be (-15)/(-20) + 129/t. Calculate the highest common divisor of 231 and g.
33
Let j be (-1311)/46*312/(-9). What is the highest common factor of j and 104?
52
Suppose 4*j - 21 = 23. What is the greatest common factor of j and 99?
11
Suppose -w = -4*k - 623, -4*k + 5*k - 1246 = -2*w. Calculate the highest common divisor of 445 and w.
89
Suppose -12